{"id":21,"date":"2014-03-04T12:47:26","date_gmt":"2014-03-04T10:47:26","guid":{"rendered":"http:\/\/4z3madu.havike.eenet.ee\/wordpress\/?page_id=21"},"modified":"2022-04-08T15:30:54","modified_gmt":"2022-04-08T12:30:54","slug":"erialad","status":"publish","type":"page","link":"http:\/\/joelahtmemkk.ee\/?page_id=21","title":{"rendered":"Erialad"},"content":{"rendered":"<p>J\u00f5el\u00e4htme Muusika- ja Kunstikoolis saab \u00f5ppida:<\/p>\n<p><strong>Muusikaosakond:<\/strong><br \/>\nLoo filiaalis saab \u00f5ppida klaverit, viiulit, kitarri, akordionit, fl\u00f6\u00f6ti, plokkfl\u00f6\u00f6ti, kromaatilist kannelt ja saksofoni.<\/p>\n<p>Alates novembrist 2017 on Lool avatud pop-jazzlaulu eriala.<\/p>\n<p>Kostivere filiaalis saab \u00f5ppida klaverit, viiulit, kitarri, fl\u00f6\u00f6ti, plokkfl\u00f6\u00f6ti ja trompetit.<\/p>\n<p>Neeme filiaalis saab \u00f5ppida klaverit ja kitarri.<\/p>\n<p><strong>Kunstiosakond:<\/strong><\/p>\n<p>Kunstiosakond tegutseb Loo ja Kostivere filiaalides.<\/p>\n<p>\u00d5ppeained: Joonistamine, maalimine, vormi\u00f5petus\/skulptuur, kompositsioon ja kunstiajalugu.<\/p>\n<p>&nbsp;<\/p>\n","protected":false},"excerpt":{"rendered":"<p>J\u00f5el\u00e4htme Muusika- ja Kunstikoolis saab \u00f5ppida: Muusikaosakond: Loo filiaalis saab \u00f5ppida klaverit, viiulit, kitarri, akordionit, fl\u00f6\u00f6ti, plokkfl\u00f6\u00f6ti, kromaatilist kannelt ja saksofoni. Alates novembrist 2017 on Lool avatud pop-jazzlaulu eriala. Kostivere filiaalis saab \u00f5ppida klaverit, viiulit, kitarri, fl\u00f6\u00f6ti, plokkfl\u00f6\u00f6ti ja trompetit. Neeme filiaalis saab \u00f5ppida klaverit ja kitarri. Kunstiosakond: Kunstiosakond tegutseb Loo ja Kostivere filiaalides. \u00d5ppeained: Joonistamine, maalimine, vormi\u00f5petus\/skulptuur, kompositsioon ja kunstiajalugu. &nbsp;<\/p>\n","protected":false},"author":1,"featured_media":0,"parent":13,"menu_order":4,"comment_status":"open","ping_status":"open","template":"","meta":{"footnotes":""},"class_list":["post-21","page","type-page","status-publish","hentry"],"_links":{"self":[{"href":"http:\/\/joelahtmemkk.ee\/index.php?rest_route=\/wp\/v2\/pages\/21","targetHints":{"allow":["GET"]}}],"collection":[{"href":"http:\/\/joelahtmemkk.ee\/index.php?rest_route=\/wp\/v2\/pages"}],"about":[{"href":"http:\/\/joelahtmemkk.ee\/index.php?rest_route=\/wp\/v2\/types\/page"}],"author":[{"embeddable":true,"href":"http:\/\/joelahtmemkk.ee\/index.php?rest_route=\/wp\/v2\/users\/1"}],"replies":[{"embeddable":true,"href":"http:\/\/joelahtmemkk.ee\/index.php?rest_route=%2Fwp%2Fv2%2Fcomments&post=21"}],"version-history":[{"count":11,"href":"http:\/\/joelahtmemkk.ee\/index.php?rest_route=\/wp\/v2\/pages\/21\/revisions"}],"predecessor-version":[{"id":2289,"href":"http:\/\/joelahtmemkk.ee\/index.php?rest_route=\/wp\/v2\/pages\/21\/revisions\/2289"}],"up":[{"embeddable":true,"href":"http:\/\/joelahtmemkk.ee\/index.php?rest_route=\/wp\/v2\/pages\/13"}],"wp:attachment":[{"href":"http:\/\/joelahtmemkk.ee\/index.php?rest_route=%2Fwp%2Fv2%2Fmedia&parent=21"}],"curies":[{"name":"wp","href":"https:\/\/api.w.org\/{rel}","templated":true}]}}